 - g + 43. Let a be p(0). Let b = 27 - a. Let r = b - -25. List the prime factors of r.
3
Let h = -1 - -6. Let m(k) be the first derivative of k**4/4 - 5*k**3/3 + k**2 - 3*k - 5. What are the prime factors of m(h)?
7
Suppose d + 3 = -2*f, -2*f - 4 = 4*d + 2. Let m(o) = -53*o + 1. Let l be m(f). Suppose -4*y = -y - l. What are the prime factors of y?
2, 3
Let n(y) be the first derivative of -y**3/3 + 9*y + 3. What are the prime factors of n(0)?
3
Let l(x) = 6*x. Suppose 4*o + 5*f - 34 = 0, -3*f - 2*f + 10 = 0. Let j be l(o). Suppose -j = -5*g + 24. What are the prime factors of g?
2, 3
Let s be 30/(-12)*(-6)/5. Let v = 12 + s. List the prime factors of v.
3, 5
Suppose 22 = 5*s - 68. Let d be -4 + -1*(-4)/(-2). Let r = d + s. What are the prime factors of r?
2, 3
Let y = 8 - -22. List the prime factors of y.
2, 3, 5
Suppose 5*v = 4*x - 3*x - 29, 0 = -3*x - 4*v + 11. Let z = x - 5. List the prime factors of z.
2
Suppose 0 = 5*k - k - 16. Let p = k + 4. Let q = p + -3. List the prime factors of q.
5
Suppose 4*y = 25 + 7. Let w be 2/(-4) + 20/y. Suppose -5 = w*c - 35. What are the prime factors of c?
3, 5
Let q = -1 + 1. Suppose 0*d - d = q. Suppose -4*y + 60 = -d*y. What are the prime factors of y?
3, 5
Let m(k) = -3*k + 1. Let q be m(-4). Suppose 4*o - q = 11. Suppose o = r + 1. What are the prime factors of r?
5
Suppose -3 = -3*w + 2*w. Suppose w*s + 2 = 2*s. List the prime factors of 8 - (-1 + (-6)/s).
2, 3
Let u be ((-4)/6)/((-2)/36). Suppose -3*c + 2*q + 15 + 4 = 0, -c - q = 2. Let a = u - c. List the prime factors of a.
3
Suppose -16*h = -25*h + 1323. List the prime factors of h.
3, 7
Let h(n) = n + 1. Let q(p) = -3*p + 1. Let g be q(-1). Suppose -g*m - 11 = 2*y - y, 0 = -5*y - 5*m - 10. What are the prime factors of h(y)?
2
Suppose 0 = 4*m + 343 - 79. Let x = 117 + m. What are the prime factors of x?
3, 17
Let b(l) = 4*l - 2. Suppose 0 = 3*j - 7*j + 20. What are the prime factors of b(j)?
2, 3
Let w = -12 - -21. Let g(l) = -l**3 + 8*l**2 + 8*l + 11. Let d be g(w). Let t(k) = 4*k - 1. List the prime factors of t(d).
7
Let f(o) = 4 - 4 + 2*o. Let n be f(2). Suppose 2*q = -3*i - q + 30, n*i - 5*q - 4 = 0. List the prime factors of i.
2, 3
Suppose 0 = 3*y - 7 - 41. What are the prime factors of (-156)/(-10) - y/(-40)?
2
Suppose -2 = 5*p - 6*p. Suppose 0 = 4*m + p*d - 172, -3*m + 123 + 16 = 4*d. What are the prime factors of m?
41
Suppose 4*t = -13 + 89. List the prime factors of t.
19
Suppose 4*s - 19 = 5*w - 89, -5*s + 42 = 3*w. List the prime factors of w.
2, 7
Let h(z) = -40*z + 13. List the prime factors of h(-5).
3, 71
Let g(p) = 2*p**2 - 7*p - 17. List the prime factors of g(-5).
2, 17
Let i(d) = 2 - d - 1 + 0. Let n(s) = -s**2 - 13*s + 6. Let a(k) = -6*i(k) + n(k). List the prime factors of a(-5).
2, 5
Suppose 27 = 5*s + 4*v, -2*s + 0*v + 4*v - 6 = 0. Suppose 2*h - 48 = -0*h + 4*n, s*n = -h + 14. What are the prime factors of h?
2, 5
Suppose 2*i = -4*o + 32, 2*i - 3*o = 13 + 54. List the prime factors of i.
2, 13
Suppose -5*q + 3*q = -14. Suppose q*y = 2*y + 65. Let f = y - 5. List the prime factors of f.
2
Let o(m) = -5*m - 15. Let k be o(-6). Suppose 5*f = -k, 4*f = -5*p + 2*p + 66. List the prime factors of p.
2, 13
Let i(d) = d**3 + 6*d**2 - 7*d. Let j be i(-5). Suppose 0 = 2*w - j - 36. What are the prime factors of w?
2, 3
Suppose 4*x - 12 = -96. Let j = 34 + x. Let z = j + -1. What are the prime factors of z?
2, 3
Suppose -k - k = -4*h, 2*k = 5*h + 4. Let z = k + 19. What are the prime factors of z?
11
Let f be (9/3)/3*5. Let t = -14 - f. Let l = t + 32. What are the prime factors of l?
13
Let p = 11 - 7. Suppose 1 = -c - a, -3*a - 1 = -p*c - 6*a. Suppose -c*y - 5*k + 45 = 0, -2*k + 4 - 2 = 0. What are the prime factors of y?
2, 5
Suppose -5*c = -8*c + 108. Let a be ((-2)/(-4))/((-3)/c). List the prime factors of ((-32)/(-12))/((-4)/a).
2
Let q = -15 + 7. Let r = q + 8. Suppose 5*s - f + 3*f = 100, r = -4*f. What are the prime factors of s?
2, 5
Suppose 0 = -2*d + 3*d. Suppose d - 32 = -2*m. List the prime factors of m.
2
Let j(n) = 3*n**3 - 3*n - 1. List the prime factors of j(3).
71
Let y be (-5 - -3)/(2/2). Let x = 0 - y. List the prime factors of (14/(-35))/(x/(-60)).
2, 3
Let s(k) = -k**2 + 3*k + 1. Let q be s(5). Let x be 3/q*0 + 2. Suppose -14 = -2*v + n, 0*n - n + 22 = x*v. What are the prime factors of v?
3
Suppose 3*s + 0*s = 5*c + 20, s - 7 = 2*c. Let i be 1*(-5)/(s/2). What are the prime factors of 0 - (3 - -1)/i?
2
Let c(b) = 5*b - 6. Suppose 4*p + 2*z + 1 - 19 = 0, -5*p - 5*z = -20. What are the prime factors of c(p)?
19
Suppose 0 = 11*k - 10*k. Let z = k + 12. What are the prime factors of z?
2, 3
Suppose 5*o + j - 1118 = 0, -2*o - j + 440 = 3*j. List the prime factors of o.
2, 7
Suppose 5*z = -20, -4*g - 3*z = g + 7. List the prime factors of g/2 + (-58)/(-4).
3, 5
Let s = -4 + 1. Let d = s - -5. List the prime factors of 4*d - 2/(-2).
3
Suppose -f + 4*x - 2 = 2*x, 3*x = 5*f - 4. Let c be -1 - -1 - f - 0. What are the prime factors of 1/c - 105/(-10)?
2, 5
Let h = -86 + 90. What are the prime factors of h?
2
Let a = 18 + 27. List the prime factors of 1*a*(-4)/(-10).
2, 3
Let g be (-18)/(-4) - (-3)/(-2). Let m = -3 - -9. Suppose -m = g*x - 42. List the prime factors of x.
2, 3
Let p(j) = 7*j**2 - 1. Let q be p(1). List the prime factors of 3/q - 15/(-2).
2
Suppose 12 = 3*q + 3*f, 36 = 3*q - 0*q - 5*f. Let s(r) = 18 - 7 + r - 2*r. List the prime factors of s(q).
2
Let i(w) = -w - 1. Let g be i(-5). Suppose 0 = -4*p + 28 + g. List the prime factors of p.
2
Let g(l) = l**2 - 8*l + 9. Let h be 9 + (-2)/4*2. List the prime factors of g(h).
3
Suppose 0 = -3*j - 2*j + 830. List the prime factors of j.
2, 83
Suppose 3 + 3 = 3*s. List the prime factors of -1 + 17 + 0/s.
2
Let q(r) be the first derivative of -1/2*r**2 + 1/3*r**3 - 2 - 3*r. List the prime factors of q(3).
3
Let k(s) = -s + 8. Let c be k(5). Suppose c*r - 10 = 32. What are the prime factors of r?
2, 7
Suppose 5*u + 33 = -12. Let o = u - -16. List the prime factors of o.
7
Let h = 135 + -67. Let c = 119 - h. Suppose c = 3*q - 3. List the prime factors of q.
2, 3
Suppose 5 = -5*h, 0*w + 1 = w + 3*h. List the prime factors of (-93)/(-13) + w/(-26).
7
Let b = 152 + -34. List the prime factors of b.
2, 59
Suppose 0*j + 15 = 5*j. Suppose -108 = -j*y + 54. Suppose 4*b + 6 - y = 0. List the prime factors of b.
2, 3
Suppose 2*u - 3*f - 26 = 0, 3*f - 20 = 5*u - 76. Suppose u = 2*r, y - 2*r + 18 = 3*y. Suppose 2 = 3*w - y. What are the prime factors of w?
2
Let y = 3 + -3. Suppose -q + 9 + 3 = y. What are the prime factors of q?
2, 3
Let j be -2 + 2 - (-27 - 1). Suppose 0*g - 4*g = 2*z - j, -4*g = 12. What are the prime factors of z?
2, 5
Suppose 0 = -w + 3 + 5. What are the prime factors of w?
2
Let d = 0 + 5. Suppose u - x - 12 = -0*x, -d*u + 87 = 4*x. What are the prime factors of u?
3, 5
Let a(j) = j**3 + 12*j**2 + j. What are the prime factors of a(-10)?
2, 5, 19
Let s be 6/15 + (-243)/(-5). Let v = 16 - s. Let p = -22 - v. List the prime factors of p.
11
Let x be -1 - 1 - -2 - -9. List the prime factors of (-4 + 10)*3/x.
2
Let g(z) = -2*z - 7. Suppose 2 = -y - 0*y. Let u be (-76)/16 - y/(-8). What are the prime factors of g(u)?
3
Let m(q) = 13*q - 17. Let k(p) = -32*p + 42. Let j(i) = -5*k(i) - 12*m(i). Let g be j(4). List the prime factors of ((-16)/g)/((-2)/10).
2
What are the prime factors of 154 + (-7)/(21/12)?
2, 3, 5
Let o be (9/(-4))/((-1)/4). Let u be 8/(-10)*(-2 - 3). Suppose k = -3, 5*y + u*k - 4 = o. List the prime factors of y.
5
Let w = 156 + -64. List the prime factors of w.
2, 23
What are the prime factors of 4*(-2)/(-24)*93?
31
Let r = -29 - -67. What are the prime factors of r?
2, 19
Let a = 47 - -7. What are the prime factors of a?
2, 3
Suppose 0 = 3*y - 14 - 40. What are the prime factors of y?
2, 3
Suppose 2*u + 2*l = 188, -4*l + 198 = u + u. What are the prime factors of u?
89
Suppose -m + 4*g - 1 = -0*m, -8 = -4*m + 4*g. Suppose -m - 4 = -z. List the prime factors of z.
7
Let j = 85 - 36. Suppose -5*d - n + j = -d, -4*d = -5*n - 19. List the prime factors of d.
11
Let x = 24 + -21. Suppose 15 = x*o - 18. List the prime factors of o.
11
What are the prime factors of 992/11 + 20/(-110)?
2, 3, 5
Let k(s) = s**2 + 6*s + 5. Let w be k(-6). Supp